9 - o. Calculate j(n).
-35
Let v(w) = -2*w - 24. Suppose 10 = b + 5*l + 33, 3*b + 3*l = -57. What is v(b)?
12
Let l(r) = 7 - 16*r + 0 - 61 + 2. Let x(n) = 3*n + 11. Let q(o) = 2*l(o) + 11*x(o). Give q(-11).
6
Let v(f) = 6*f**2 + 4*f - 4. Let g be v(1). Let m(a) = 3*a - 11. Let s be m(g). Let z be 11/(-2) + -3*s/42. Let q(k) = 2*k + 4. Calculate q(z).
-8
Suppose 3*q + 13 - 16 = 0. Let t(s) = s + 1. Let f be t(q). Let x(j) = 16 + 14 - 13*j**f - 30. Determine x(1).
-13
Suppose 3*y = 5*y. Let l = 30 - 28. Let k(g) = 11*g**2 - 23*g**l + 13*g**2 + 8. Determine k(y).
8
Let v be 384/72*(-75)/100. Let a(j) be the second derivative of -5/6*j**3 + j**2 - 5/12*j**4 + 0 - j - 1/20*j**5. What is a(v)?
6
Let k(v) be the first derivative of v**4/4 - 22*v**3/3 - v**2 + 43*v + 1668. Give k(22).
-1
Let c = -35 - -27. Let o(h) = -261*h + 501*h - 241*h - 13. Give o(c).
-5
Let m(d) be the first derivative of -d**2/2 - d - 134. Let y be 9/6*96/(-18). Give m(y).
7
Let w(b) = -b**3 - 9*b**2 + 10*b + 1. Let t(j) = -j**3 + 14*j**2 + 75*j - 1198. Let p be t(12). Determine w(p).
1
Let h(a) = -a**3 + a + 4. Let m = -2131 + 2131. Give h(m).
4
Suppose 2*a - 1 = 5. Let n = -385 - -384. Let q be a + n - 2 - -5. Let v(i) = -i**2 + 6*i - 1. Determine v(q).
4
Let y(h) = -h**2 + 9*h - 9. Let o(p) be the second derivative of p**4/6 - p**3/6 - 15*p**2/2 + 7*p. Let i be o(-6). Let n = -56 + i. Give y(n).
5
Let b(v) = -3*v + 1. Let s(o) = 1. Let k(a) = -b(a) - 4*s(a). Let y(r) = r**3 + 25*r**2 + 25*r + 40. Let f be y(-24). Suppose 8*c + f + 16 = 0. What is k(c)?
-17
Suppose 5*t - 5 = -9*d + 4*d, 4*d = -5*t + 6. Let m(n) = -t + 6 - 3 + n. Let h = 751 + -753. Determine m(h).
-1
Let v(b) be the third derivative of -b**5/60 + b**3/2 + b**2. Suppose 2*p = 4*u - 34, 6*p = u - 13 - 12. Give v(p).
-6
Let k(j) = -11 - j - 14 + 8 - j. What is k(-13)?
9
Let b be 3455/315 + (-452)/(-14238). Let a(j) = 4*j**3 - 11 + 0*j + 11*j**2 + j - 5*j**3. Give a(b).
0
Let q(c) = -19*c**2 - 1 - 4*c**2 - 1 + 34*c**2 - 9*c**2 + c. Give q(2).
8
Let m(r) = 1 + 2*r**2 + 2 - 5. Let o be (-5)/(-30)*213*-2. Let i = -73 - o. Determine m(i).
6
Let v(i) be the third derivative of 12 - 1/24*i**4 - i**2 - 13/6*i**3 + 0*i. Give v(-8).
-5
Let b(v) be the first derivative of -3*v**2/2 - 21*v + 1371. Determine b(-14).
21
Let t(i) = 136*i - 3 - 2 - 131*i - 9 + 13. Suppose -8 + 9 = k. Calculate t(k).
4
Let s(o) = -3*o**2 - 1 + 9*o + 5*o**2 - 3 + 7. Suppose -5*l + 5*a - 9*a - 51 = 0, -41 = 3*l + 5*a. Give s(l).
38
Let z = -3314 - -3330. Let g(i) = -4*i + 47. Determine g(z).
-17
Let k(a) = 596*a + 603*a - 1208*a + 4. Let o(h) = -6*h + 1. Let n(b) = 3*k(b) - 5*o(b). Give n(-6).
-11
Let o(v) = -2*v**2 - 5*v + 2. Suppose -4*c + 7*c - 12 = 0. Let j(x) = 5*x**2 - 1 - 2*x + c*x - x - 4*x**2. Let w(r) = -j(r) - o(r). Give w(-2).
-5
Let h(s) = 2*s - 1. Let u be -11*(-6 + 5) - 2. Suppose d - 6*d + 18 = 4*m, -2*d - m = -u. What is h(d)?
11
Let i(z) = z**2 + 5*z + 2. Let c(y) = 6*y + 113. Let j be c(-19). Let g be (j - 0)/((7/(-4))/(-7)). Determine i(g).
-2
Let u(k) = 17*k + 2. Let r(h) = -6*h - 1. Let x(q) = 8*r(q) + 3*u(q). Let a be (-8)/(-20) + 32/20. Give x(a).
4
Suppose 20*p = 24*p + 4. Let x be 4*26/(-4) - p. Let d be (-6)/(-15) - (-2 + 15/x). Let h(z) = -z**3 + z**2 + 4*z. Calculate h(d).
-6
Let k(o) be the first derivative of o**4/4 - 2*o**3/3 + 3*o**2/2 - 890. What is k(3)?
18
Let d(w) be the second derivative of -w**4/12 - 11*w**3/6 - w**2 + 369*w - 70. Let z = -4 - 1. Give d(z).
28
Let j = -911 + 917. Let f(b) = b - 3. Let x be f(8). Let i(r) = -4 + j + 10*r - x*r - 4*r. What is i(4)?
6
Let t(h) = 0*h**2 - 10*h - 4*h + 16 + h**2. Suppose 99*o - 90 - 330 = 768. Calculate t(o).
-8
Suppose 4*j - 25 + 67 = 5*p, 3*j = 4*p - 31. Let k(t) = -t**3 - 14*t**2 - 16*t - 34. Calculate k(j).
5
Let c(v) = v + 1. Suppose 3*z = 4*f + 6*z - 16, -f + 5*z + 4 = 0. Suppose 2*g - 5 = d + 2, -d + g - f = 0. Let l be (-6)/(-9) - (34/(-6))/d. Determine c(l).
-4
Suppose -n = -2*a + 1 + 4, 4*a - 9 = n. Let q(y) = -4 - 146*y**a + 145*y**2 + 4*y + 2*y - y. Calculate q(4).
0
Let f(b) = 4*b**2 + 228*b - 118. Let u(j) = -3*j**2 - 301*j + 117. Let q(m) = -3*f(m) - 2*u(m). What is q(-15)?
0
Let n(t) be the second derivative of t**5/10 - t**4/12 + t**3/2 + t**2/2 - t - 221. Give n(3).
55
Let o(i) = 20*i**2 + 10*i - 50. Let m(w) = -13*w**2 - 12*w + 52. Let z(k) = -3*m(k) - 2*o(k). Determine z(6).
4
Let b(r) = 4*r - 75. Let l be b(25). Suppose -2*c - j = 13, -2*c + l = -5*c + 4*j. Let f(m) = 3*m + 24. Give f(c).
3
Let w = 14 - 23. Let q(m) = 2*m + 16. Let j(z) = -4*z - 28. Let b(l) = -5*j(l) - 9*q(l). Give b(w).
-22
Let h(t) = -2*t - 3. Let r(m) = -m - 1. Let f(q) = -4*h(q) + 12*r(q). Let y = -10198 + 10199. What is f(y)?
-4
Suppose 25*g - 216 = 359. Let x(d) = 5*d**2 - 115*d - 5. Give x(g).
-5
Suppose -3*b = -3*t - 24, -4*t + 3*b + 16 = 45. Let k(j) = 12*j**3 - j**2 + 2*j + 6. Let i(w) = -6*w**3 - w - 2. Let h(n) = t*i(n) - 2*k(n). Determine h(-2).
-44
Let d(k) = 11*k + 17*k - 18 + 7*k**2 - 23*k - 6*k**2. Calculate d(-4).
-22
Let o(j) = -3*j**2 + 30. Let u be o(-3). Let y(i) = 7*i**3 - 11*i**2 + 11*i - 10. Let w(t) = 4*t**3 - 6*t**2 + 6*t - 5. Let r(f) = u*y(f) - 5*w(f). Give r(3).
4
Let f(t) = 2*t**2 + t + 1. Let a(y) = -19*y**2 - 6*y - 15. Let k(b) = -a(b) - 9*f(b). What is k(5)?
16
Let x(w) = w - 32. Suppose 4 = -14*g + 15*g. Suppose 5*d = g*u + 10, 0 = 3*d - d - 4. Give x(u).
-32
Let i(j) = -6*j**2 - 3*j - 3. Suppose 12850 + 8942 = -24*o. Let m = o - -906. What is i(m)?
-21
Let v(k) = 16*k + 92. Let w be v(-6). Let s(z) = -z + 2. Let o be s(w). Let h(r) = -r**3 + 5*r**2 + 7*r + 6. Calculate h(o).
12
Let k(r) = 34*r**3 + 24*r**2 - 15*r + 96. Let c(y) = -45*y**3 - 25*y**2 + 14*y - 95. Let x(h) = -3*c(h) - 4*k(h). Calculate x(-22).
-11
Let x(d) = 13179 + d - 2*d - 13171. Determine x(-15).
23
Let x(j) be the first derivative of -j**4 + j**3/3 - j - 4423. Suppose 4*z + 11 = 2*n + 25, 0 = -4*z - 5*n - 21. Calculate x(z).
-4
Let c be (-299)/(-2093) - (22/7 - -1) - 4. Let g(h) = 9*h + 60. Determine g(c).
-12
Let n = 3965 + -3939. Let z(x) = 2*x**2 - 51*x - 19. Give z(n).
7
Let w(t) = 7*t - 18. Let b be w(3). Let i(f) = 6 - f**3 - 7*f**3 - 6*f**b - 5. What is i(-1)?
15
Let f(g) = 107609*g - 107615*g + 2 - 3. What is f(1)?
-7
Let f(o) = -10 - 8*o**2 + o**3 + 5*o**2 + 6 - 4*o**2 + 16*o - 10*o**2. What is f(16)?
-4
Suppose -5*v + 0 + 11 = -3*i, 0 = 5*v - 5. Let g(b) = 4*b**2 + 28*b + 12. Let k(a) = a**2 + 8*a + 4. Let n(p) = i*g(p) + 7*k(p). Give n(-3).
-5
Let x(m) = -m**2 - 30*m + 44. Let f be ((-74)/(-3))/((-144)/216) - (-22 - -16). What is x(f)?
13
Let r(w) = 107*w + 3 - 7 - 108*w. Let t be (-8)/(-28) + (-264)/42. Determine r(t).
2
Let m(r) be the third derivative of r**6/360 + 3*r**5/40 - 5*r**4/24 - 17*r**3/3 - 4*r**2 - 4*r. Let v(s) be the first derivative of m(s). Give v(-8).
-13
Let m(l) be the second derivative of 2*l**3/3 + 3*l**2/2 - 218*l + 2. Give m(-6).
-21
Let f(d) be the first derivative of 13*d**2/2 + 3*d - 53. Let c(p) = 11*p + 2. Let g(s) = 4*c(s) - 3*f(s). What is g(6)?
29
Let a(h) = -h**2 + 5*h - 517 + 1090 - 18*h - 530 + 0*h**2. Determine a(-18).
-47
Suppose -1309*d - 54 = -1313*d - 2*y, -2*y = 5*d - 64. Let w(n) = -9*n + 86. What is w(d)?
-4
Let c(k) be the first derivative of k**4/24 + 2*k**3/3 + 38*k**2 - 73. Let x(j) be the second derivative of c(j). Give x(-3).
1
Let o(y) = -2 + 10*y + 8 + 16*y + 4*y - 25*y. Suppose -3*a = -0*a + 18. Give o(a).
-24
Let a be 24/7 - 4 - 135/21. Let t(l) = -7*l - 46. Let n be t(a). Let c(h) = h**2 + 2. Give c(n).
11
Let k(y) = -2*y**2 + 9*y + 45. Let j(b) = 2*b**3 - 13*b**2 + 23*b - 202. Let h be j(7). Determine k(h).
-11
Let u(g) = -4803 + 5302 + 15*g + 41*g. Determine u(-9).
-5
Let k(s) = 10*s + 3 + 7*s + s**2 - 7*s - 3*s + 9. Give k(-3).
0
Let v(j) = 20*j + 20. Let r(t) = 16*t + 17. Let g(c) = 6*r(c) - 5*v(c). Let o be (-47)/9 + (-16)/(-72). Let f = 7 + o. Give g(f).
-6
Let w(d) be the third derivative of 0 + 0*d + 1/3*d**3 + 1/60*d**5 - 1/6*d**4 + 23*d**2. Let g be w(2). Let l(f) = f**3 - 2*f - 2. What is l(g)?
-6
Let d(l) = -8*l - 1. Let x(h) = -h + 1. Let m(r) = -d(r) + 4*x(r). Let j(q) = 274*q - 1639. Let t be j(6). Calculate m(t).
25
Let u(v) = -7*v**3 + v**2 - 1. Let j be ((-3)/(-2))/((-426)/(-284)). Wh